{"id":3866,"date":"2020-04-30T11:37:50","date_gmt":"2020-04-30T09:37:50","guid":{"rendered":"https:\/\/home-energy-offres1euro.fr\/?page_id=3866"},"modified":"2026-03-30T13:31:47","modified_gmt":"2026-03-30T11:31:47","slug":"contact-home-energy-loiret","status":"publish","type":"page","link":"https:\/\/home-energy45.fr\/index.php\/contact-home-energy-loiret\/","title":{"rendered":"Contact : Home Energy Loiret"},"content":{"rendered":"\t\t<div data-elementor-type=\"wp-page\" data-elementor-id=\"3866\" class=\"elementor elementor-3866\">\n\t\t\t\t\t\t<section class=\"elementor-section elementor-top-section elementor-element elementor-element-f18e296 elementor-section-stretched elementor-section-full_width elementor-section-height-default elementor-section-height-default\" data-id=\"f18e296\" data-element_type=\"section\" data-e-type=\"section\" data-settings=\"{&quot;stretch_section&quot;:&quot;section-stretched&quot;,&quot;background_background&quot;:&quot;classic&quot;}\">\n\t\t\t\t\t\t<div class=\"elementor-container elementor-column-gap-no\">\n\t\t\t\t\t<div class=\"elementor-column elementor-col-100 elementor-top-column elementor-element elementor-element-68fbe18\" data-id=\"68fbe18\" data-element_type=\"column\" data-e-type=\"column\">\n\t\t\t<div class=\"elementor-widget-wrap\">\n\t\t\t\t\t\t\t<\/div>\n\t\t<\/div>\n\t\t\t\t\t<\/div>\n\t\t<\/section>\n\t\t\t\t<section class=\"elementor-section elementor-top-section elementor-element elementor-element-5b7fd719 elementor-section-stretched elementor-section-content-middle elementor-section-boxed elementor-section-height-default elementor-section-height-default\" data-id=\"5b7fd719\" data-element_type=\"section\" data-e-type=\"section\" data-settings=\"{&quot;stretch_section&quot;:&quot;section-stretched&quot;,&quot;background_background&quot;:&quot;classic&quot;}\">\n\t\t\t\t\t\t\t<div class=\"elementor-background-overlay\"><\/div>\n\t\t\t\t\t\t\t<div class=\"elementor-container elementor-column-gap-extended\">\n\t\t\t\t\t<div class=\"elementor-column elementor-col-50 elementor-top-column elementor-element elementor-element-773d46d8\" data-id=\"773d46d8\" data-element_type=\"column\" data-e-type=\"column\">\n\t\t\t<div class=\"elementor-widget-wrap elementor-element-populated\">\n\t\t\t\t\t\t<div class=\"elementor-element elementor-element-5e5450d0 elementor-widget elementor-widget-cms_heading\" data-id=\"5e5450d0\" data-element_type=\"widget\" data-e-type=\"widget\" data-widget_type=\"cms_heading.default\">\n\t\t\t\t<div class=\"elementor-widget-container\">\n\t\t\t\t\t\r\n<div class=\"cms-heading-wrapper cms-heading-layout1\">\r\r\n    \r\n        <div class=\"custom-subheading line-before\">Nous vous r\u00e9pondrons dans les 24h !<\/div>\r\r\n    \r\n\r\r\n    \r\n        <h2 class=\"custom-heading\">\r\r\n            <span >Nous Contacter<\/span>\r\r\n        <\/h2>\r\r\n    \r\n    \r\r\n    \r\n<\/div>\t\t\t\t<\/div>\n\t\t\t\t<\/div>\n\t\t\t\t\t<\/div>\n\t\t<\/div>\n\t\t\t\t<div class=\"elementor-column elementor-col-50 elementor-top-column elementor-element elementor-element-78e9c0da\" data-id=\"78e9c0da\" data-element_type=\"column\" data-e-type=\"column\">\n\t\t\t<div class=\"elementor-widget-wrap\">\n\t\t\t\t\t\t\t<\/div>\n\t\t<\/div>\n\t\t\t\t\t<\/div>\n\t\t<\/section>\n\t\t\t\t<section class=\"elementor-section elementor-top-section elementor-element elementor-element-5a3169f7 elementor-section-stretched elementor-section-full_width row-boxed elementor-section-height-default elementor-section-height-default\" data-id=\"5a3169f7\" data-element_type=\"section\" data-e-type=\"section\" data-settings=\"{&quot;stretch_section&quot;:&quot;section-stretched&quot;}\">\n\t\t\t\t\t\t<div class=\"elementor-container elementor-column-gap-no\">\n\t\t\t\t\t<div class=\"elementor-column elementor-col-100 elementor-top-column elementor-element elementor-element-c4d217a\" data-id=\"c4d217a\" data-element_type=\"column\" data-e-type=\"column\">\n\t\t\t<div class=\"elementor-widget-wrap\">\n\t\t\t\t\t\t\t<\/div>\n\t\t<\/div>\n\t\t\t\t\t<\/div>\n\t\t<\/section>\n\t\t\t\t<section class=\"elementor-section elementor-top-section elementor-element elementor-element-798e1dbe elementor-section-stretched elementor-section-boxed elementor-section-height-default elementor-section-height-default\" data-id=\"798e1dbe\" data-element_type=\"section\" data-e-type=\"section\" data-settings=\"{&quot;background_background&quot;:&quot;classic&quot;,&quot;stretch_section&quot;:&quot;section-stretched&quot;}\">\n\t\t\t\t\t\t<div class=\"elementor-container elementor-column-gap-no\">\n\t\t\t\t\t<div class=\"elementor-column elementor-col-100 elementor-top-column elementor-element elementor-element-11090937\" data-id=\"11090937\" data-element_type=\"column\" data-e-type=\"column\">\n\t\t\t<div class=\"elementor-widget-wrap elementor-element-populated\">\n\t\t\t\t\t\t<section class=\"elementor-section elementor-inner-section elementor-element elementor-element-e38dce2 elementor-section-boxed elementor-section-height-default elementor-section-height-default\" data-id=\"e38dce2\" data-element_type=\"section\" data-e-type=\"section\" data-settings=\"{&quot;background_background&quot;:&quot;classic&quot;}\">\n\t\t\t\t\t\t<div class=\"elementor-container elementor-column-gap-default\">\n\t\t\t\t\t<div class=\"elementor-column elementor-col-50 elementor-inner-column elementor-element elementor-element-13660a1c\" data-id=\"13660a1c\" data-element_type=\"column\" data-e-type=\"column\" data-settings=\"{&quot;background_background&quot;:&quot;classic&quot;}\">\n\t\t\t<div class=\"elementor-widget-wrap elementor-element-populated\">\n\t\t\t\t\t\t<div class=\"elementor-element elementor-element-79ac1575 elementor-widget elementor-widget-text-editor\" data-id=\"79ac1575\" data-element_type=\"widget\" data-e-type=\"widget\" data-widget_type=\"text-editor.default\">\n\t\t\t\t<div class=\"elementor-widget-container\">\n\t\t\t\t\t\t\t\t\t<h6 style=\"color: #fff; margin-bottom: 11px;\">Adresse<\/h6><p><strong>Home Energy 45<\/strong><br \/>880 Route Nationale 20<br \/>45770 Saran<\/p>\t\t\t\t\t\t\t\t<\/div>\n\t\t\t\t<\/div>\n\t\t\t\t<div class=\"elementor-element elementor-element-606e3a68 elementor-widget elementor-widget-spacer\" data-id=\"606e3a68\" data-element_type=\"widget\" data-e-type=\"widget\" data-widget_type=\"spacer.default\">\n\t\t\t\t<div class=\"elementor-widget-container\">\n\t\t\t\t\t\t\t<div class=\"elementor-spacer\">\n\t\t\t<div class=\"elementor-spacer-inner\"><\/div>\n\t\t<\/div>\n\t\t\t\t\t\t<\/div>\n\t\t\t\t<\/div>\n\t\t\t\t<div class=\"elementor-element elementor-element-453a213c elementor-widget elementor-widget-cms_banner_contact\" data-id=\"453a213c\" data-element_type=\"widget\" data-e-type=\"widget\" data-widget_type=\"cms_banner_contact.default\">\n\t\t\t\t<div class=\"elementor-widget-container\">\n\t\t\t\t\t\r\n    <div class=\"cms-banner-contact1\">\r\r\n        <div class=\"cms-banner-holder\">\r\r\n            <div class=\"cms-banner-desc\">Nous vous r\u00e9pondrons dans les plus brefs d\u00e9lais, ou appelez-nous du  mardi au vendredi :<br \/> de 10H00 - 12H30 <br \/> de 14H00 \u00e0 19H00.<br \/><br \/> Le Samedi<br \/> de  10h00 - 12H30<br \/>13h30 - 17h00.<\/div>\r\r\n            <div class=\"cms-banner-phone\"><i class=\"zmdi zmdi-phone\"><\/i>02 18 69 31 40<\/div>\r\r\n        <\/div>\r\r\n    <\/div>\t\t\t\t<\/div>\n\t\t\t\t<\/div>\n\t\t\t\t<div class=\"elementor-element elementor-element-8f6fbb8 elementor-shape-rounded elementor-grid-0 e-grid-align-center elementor-widget elementor-widget-social-icons\" data-id=\"8f6fbb8\" data-element_type=\"widget\" data-e-type=\"widget\" data-widget_type=\"social-icons.default\">\n\t\t\t\t<div class=\"elementor-widget-container\">\n\t\t\t\t\t\t\t<div class=\"elementor-social-icons-wrapper elementor-grid\" role=\"list\">\n\t\t\t\t\t\t\t<span class=\"elementor-grid-item\" role=\"listitem\">\n\t\t\t\t\t<a class=\"elementor-icon elementor-social-icon elementor-social-icon-facebook elementor-repeater-item-776aad3\" href=\"https:\/\/www.facebook.com\/homeenergy45.Loiret\" target=\"_blank\">\n\t\t\t\t\t\t<span class=\"elementor-screen-only\">Facebook<\/span>\n\t\t\t\t\t\t<i aria-hidden=\"true\" class=\"fab fa-facebook\"><\/i>\t\t\t\t\t<\/a>\n\t\t\t\t<\/span>\n\t\t\t\t\t\t\t<span class=\"elementor-grid-item\" role=\"listitem\">\n\t\t\t\t\t<a class=\"elementor-icon elementor-social-icon elementor-social-icon-instagram elementor-repeater-item-0f872e1\" href=\"https:\/\/www.instagram.com\/homeenergy45\/\" target=\"_blank\">\n\t\t\t\t\t\t<span class=\"elementor-screen-only\">Instagram<\/span>\n\t\t\t\t\t\t<i aria-hidden=\"true\" class=\"fab fa-instagram\"><\/i>\t\t\t\t\t<\/a>\n\t\t\t\t<\/span>\n\t\t\t\t\t<\/div>\n\t\t\t\t\t\t<\/div>\n\t\t\t\t<\/div>\n\t\t\t\t<div class=\"elementor-element elementor-element-4b9f8be elementor-align-center elementor-widget elementor-widget-cms_button\" data-id=\"4b9f8be\" data-element_type=\"widget\" data-e-type=\"widget\" data-widget_type=\"cms_button.default\">\n\t\t\t\t<div class=\"elementor-widget-container\">\n\t\t\t\t\t\r\n<div class=\"cms-button-wrapper cms-button-layout1\">\r\r\n    <a href=\"https:\/\/home-energy45.fr\/wp-content\/uploads\/2026\/03\/Brochure-Home-Energy-MARS-2026.pdf\" target=\"_blank\" class=\"btn btn-default size-small\">\r\r\n        \r\n        \r\n            <span class=\"cms-button-icon cms-align-icon-left\">\r\r\n                <i aria-hidden=\"true\" class=\"fas fa-file-pdf\"><\/i>\r\n            <\/span>\r\r\n        \r\n        <span class=\"cms-button-text\">Guide Aides 2026<\/span>\r\r\n    <\/a>\r\r\n<\/div>\t\t\t\t<\/div>\n\t\t\t\t<\/div>\n\t\t\t\t\t<\/div>\n\t\t<\/div>\n\t\t\t\t<div class=\"elementor-column elementor-col-50 elementor-inner-column elementor-element elementor-element-23763191\" data-id=\"23763191\" data-element_type=\"column\" data-e-type=\"column\">\n\t\t\t<div class=\"elementor-widget-wrap elementor-element-populated\">\n\t\t\t\t\t\t<div class=\"elementor-element elementor-element-72b52447 elementor-widget elementor-widget-cms_heading\" data-id=\"72b52447\" data-element_type=\"widget\" data-e-type=\"widget\" data-widget_type=\"cms_heading.default\">\n\t\t\t\t<div class=\"elementor-widget-container\">\n\t\t\t\t\t\r\n<div class=\"cms-heading-wrapper cms-heading-layout1\">\r\r\n    \r\n\r\r\n    \r\n        <h3 class=\"custom-heading\">\r\r\n            <span >Formulaire de Contact<\/span>\r\r\n        <\/h3>\r\r\n    \r\n    \r\r\n    \r\n<\/div>\t\t\t\t<\/div>\n\t\t\t\t<\/div>\n\t\t\t\t<div class=\"elementor-element elementor-element-32b3e52f elementor-widget elementor-widget-text-editor\" data-id=\"32b3e52f\" data-element_type=\"widget\" data-e-type=\"widget\" data-widget_type=\"text-editor.default\">\n\t\t\t\t<div class=\"elementor-widget-container\">\n\t\t\t\t\t\t\t\t\t<p><strong>Home Energy 45<\/strong> se met au service de ses clients afin d\u2019apporter son savoir-faire et des <strong>solutions d\u2019am\u00e9lioration de la performance \u00e9nerg\u00e9tique<\/strong> globale de votre habitation. N&#8217;h\u00e9sitez pas \u00e0\u00a0 nous contacter<\/p>\t\t\t\t\t\t\t\t<\/div>\n\t\t\t\t<\/div>\n\t\t\t\t<div class=\"elementor-element elementor-element-256428cb elementor-widget elementor-widget-cms_ctf7\" data-id=\"256428cb\" data-element_type=\"widget\" data-e-type=\"widget\" data-widget_type=\"cms_ctf7.default\">\n\t\t\t\t<div class=\"elementor-widget-container\">\n\t\t\t\t\t\r\n    <div id=\"cms_ctf7-256428cb\" class=\"cms-contact-form-layout1 style1\">\r\r\n        <div class=\"cms-contact-form-inner\">\r\r\n        \t\r\n            \n<div class=\"wpcf7 no-js\" id=\"wpcf7-f5-o1\" lang=\"en-US\" dir=\"ltr\" data-wpcf7-id=\"5\">\n<div class=\"screen-reader-response\"><p role=\"status\" aria-live=\"polite\" aria-atomic=\"true\"><\/p> <ul><\/ul><\/div>\n<form action=\"\/index.php\/wp-json\/wp\/v2\/pages\/3866#wpcf7-f5-o1\" method=\"post\" class=\"wpcf7-form init\" aria-label=\"Contact form\" novalidate=\"novalidate\" data-status=\"init\">\n<fieldset class=\"hidden-fields-container\"><input type=\"hidden\" name=\"_wpcf7\" value=\"5\" \/><input type=\"hidden\" name=\"_wpcf7_version\" value=\"6.1.5\" \/><input type=\"hidden\" name=\"_wpcf7_locale\" value=\"en_US\" \/><input type=\"hidden\" name=\"_wpcf7_unit_tag\" value=\"wpcf7-f5-o1\" \/><input type=\"hidden\" name=\"_wpcf7_container_post\" value=\"0\" \/><input type=\"hidden\" name=\"_wpcf7_posted_data_hash\" value=\"\" \/><input type=\"hidden\" name=\"_wpcf7_recaptcha_response\" value=\"\" \/>\n<\/fieldset>\n<div class=\"row\">\n    <div class=\"col-sm-12 col-md-6 col-lg-6\">\n        <div class=\"input-filled\"><span class=\"wpcf7-form-control-wrap\" data-name=\"your-name\"><input size=\"40\" maxlength=\"400\" class=\"wpcf7-form-control wpcf7-text wpcf7-validates-as-required\" aria-required=\"true\" aria-invalid=\"false\" placeholder=\"Nom\" value=\"\" type=\"text\" name=\"your-name\" \/><\/span><\/div>\n    <\/div>\n    <div class=\"col-sm-12 col-md-6 col-lg-6\">\n        <div class=\"input-filled\"><span class=\"wpcf7-form-control-wrap\" data-name=\"your-email\"><input size=\"40\" maxlength=\"400\" class=\"wpcf7-form-control wpcf7-email wpcf7-validates-as-required wpcf7-text wpcf7-validates-as-email\" aria-required=\"true\" aria-invalid=\"false\" placeholder=\"Email\" value=\"\" type=\"email\" name=\"your-email\" \/><\/span><\/div>\n    <\/div>\n<\/div>\n\n<div class=\"row\">\n    <div class=\"col-sm-12 col-md-6 col-lg-6\">\n        <div class=\"input-filled\"><span class=\"wpcf7-form-control-wrap\" data-name=\"your-phone\"><input size=\"40\" maxlength=\"400\" class=\"wpcf7-form-control wpcf7-text wpcf7-validates-as-required\" aria-required=\"true\" aria-invalid=\"false\" placeholder=\"T\u00e9l\u00e9phone\" value=\"\" type=\"text\" name=\"your-phone\" \/><\/span><\/div>\n    <\/div>\n    <div class=\"col-sm-12 col-md-6 col-lg-6\">\n        <div class=\"input-filled\">\n          <span class=\"wpcf7-form-control-wrap\" data-name=\"code-postal\"><input size=\"40\" maxlength=\"400\" class=\"wpcf7-form-control wpcf7-text wpcf7-validates-as-required\" aria-required=\"true\" aria-invalid=\"false\" placeholder=\"Code Postal\" value=\"\" type=\"text\" name=\"code-postal\" \/><\/span>\n        <\/div>\n    <\/div>\n<\/div>\n\n<div class=\"row\">\n    <div class=\"col-12\">\n        <div class=\"input-filled\"><span class=\"wpcf7-form-control-wrap\" data-name=\"your-message\"><textarea cols=\"40\" rows=\"10\" maxlength=\"2000\" class=\"wpcf7-form-control wpcf7-textarea wpcf7-validates-as-required\" aria-required=\"true\" aria-invalid=\"false\" placeholder=\"Informations suppl\u00e9mentaires\" name=\"your-message\"><\/textarea><\/span><\/div>\n    <\/div>\n<\/div>\n<div class=\"row\">\n<div class=\"col-12 flex-1025\" style=\"margin-top: -40px;\">\n<span class=\"wpcf7-form-control-wrap\" data-name=\"checkbox-701\"><span class=\"wpcf7-form-control wpcf7-checkbox theme-checkbox\"><span class=\"wpcf7-list-item first last\"><input type=\"checkbox\" name=\"checkbox-701[]\" value=\"J&#039;autorise Home Energy \u00e0 me contacter par t\u00e9l\u00e9phone\" \/><span class=\"wpcf7-list-item-label\">J&#039;autorise Home Energy \u00e0 me contacter par t\u00e9l\u00e9phone<\/span><\/span><\/span><\/span>\n<\/div>\n<\/div>\n<div class=\"row\">\n    <div class=\"col-12 flex-1025\" style=\"margin-top: -20px;\">\n      <button type=\"submit\" class=\"wpcf7-submit btn btn-big btn-secondary\">Envoyer<i class=\"far fac-arrow-right space-left\"><\/i><\/button>\n      <span class=\"wpcf7-form-control-wrap\" data-name=\"your-privacy\"><span class=\"wpcf7-form-control wpcf7-checkbox wpcf7-validates-as-required theme-checkbox\"><span class=\"wpcf7-list-item first last\"><input type=\"checkbox\" name=\"your-privacy[]\" value=\"J&#039;accepte la confidentialit\u00e9 et les conditions.\" \/><span class=\"wpcf7-list-item-label\">J&#039;accepte la confidentialit\u00e9 et les conditions.<\/span><\/span><\/span><\/span>\n    <\/div>\n<\/div><div class=\"wpcf7-response-output\" aria-hidden=\"true\"><\/div>\n<\/form>\n<\/div>\n\r\n        <\/div>\r\r\n    <\/div>\r\r\n\r\n\t\t\t\t<\/div>\n\t\t\t\t<\/div>\n\t\t\t\t<div class=\"elementor-element elementor-element-b810e76 elementor-widget elementor-widget-text-editor\" data-id=\"b810e76\" data-element_type=\"widget\" data-e-type=\"widget\" data-widget_type=\"text-editor.default\">\n\t\t\t\t<div class=\"elementor-widget-container\">\n\t\t\t\t\t\t\t\t\t<p>Les donn\u00e9es personnelles communiqu\u00e9es sont n\u00e9cessaires aux fins de vous contacter. Elles sont destin\u00e9es \u00e0 SAS Home Energy SENS et ses sous-traitants. Vous disposez de droits d\u2019acc\u00e8s, de rectification, d\u2019effacement, de portabilit\u00e9, de limitation, d\u2019opposition, de retrait de votre consentement \u00e0 tout moment et du droit d\u2019introduire une r\u00e9clamation aupr\u00e8s d\u2019une autorit\u00e9 de contr\u00f4le, ainsi que d\u2019organiser le sort de vos donn\u00e9es post-mortem. Vous pouvez exercer ces droits par voie postale \u00e0 l\u2019adresse 880 Route Nationale 20 45770 Saran France, ou par courrier \u00e9lectronique \u00e0 l\u2019adresse <a href=\"mailto:contact.homeenergy45@gmail.com\" target=\"_blank\" rel=\"noopener\">contact.homeenergy45@gmail.com<\/a>. Un justificatif d\u2019identit\u00e9 pourra vous \u00eatre demand\u00e9. Nous conservons vos donn\u00e9es pendant la p\u00e9riode de prise de contact puis pendant la dur\u00e9e de prescription l\u00e9gale aux fins probatoires et de gestion des contentieux. Si vous ne souhaitez pas faire l\u2019objet de prospection commerciale par voie t\u00e9l\u00e9phonique, vous pouvez gratuitement vous inscrire sur une liste d\u2019opposition au d\u00e9marchage t\u00e9l\u00e9phonique (Bloctel) sur le site internet\u00a0<a href=\"https:\/\/www.bloctel.gouv.fr\/\" target=\"_blank\" rel=\"noopener\" data-saferedirecturl=\"https:\/\/www.google.com\/url?q=https:\/\/www.bloctel.gouv.fr&amp;source=gmail&amp;ust=1709220584632000&amp;usg=AOvVaw0LMhaB3ks6V8ZR6JeHtynZ\">www.bloctel.gouv.fr<\/a>\u00a0, \u00e9tant pr\u00e9cis\u00e9 que l\u2019inscription sur ladite liste n\u2019est pas opposable au professionnel en cas de relations contractuelles pr\u00e9existantes.<\/p>\t\t\t\t\t\t\t\t<\/div>\n\t\t\t\t<\/div>\n\t\t\t\t\t<\/div>\n\t\t<\/div>\n\t\t\t\t\t<\/div>\n\t\t<\/section>\n\t\t\t\t\t<\/div>\n\t\t<\/div>\n\t\t\t\t\t<\/div>\n\t\t<\/section>\n\t\t\t\t<section class=\"elementor-section elementor-top-section elementor-element elementor-element-d85669c elementor-section-full_width elementor-section-stretched elementor-section-height-default elementor-section-height-default\" data-id=\"d85669c\" data-element_type=\"section\" data-e-type=\"section\" data-settings=\"{&quot;stretch_section&quot;:&quot;section-stretched&quot;}\">\n\t\t\t\t\t\t<div class=\"elementor-container elementor-column-gap-default\">\n\t\t\t\t\t<div class=\"elementor-column elementor-col-100 elementor-top-column elementor-element elementor-element-4df4005\" data-id=\"4df4005\" data-element_type=\"column\" data-e-type=\"column\">\n\t\t\t<div class=\"elementor-widget-wrap elementor-element-populated\">\n\t\t\t\t\t\t<div class=\"elementor-element elementor-element-0eb2c42 elementor-widget elementor-widget-google_maps\" data-id=\"0eb2c42\" data-element_type=\"widget\" data-e-type=\"widget\" data-widget_type=\"google_maps.default\">\n\t\t\t\t<div class=\"elementor-widget-container\">\n\t\t\t\t\t\t\t<div class=\"elementor-custom-embed\">\n\t\t\t<iframe loading=\"lazy\"\n\t\t\t\t\tsrc=\"https:\/\/maps.google.com\/maps?q=880%20Route%20nationale%2020%2045770%20SARAN&#038;t=m&#038;z=14&#038;output=embed&#038;iwloc=near\"\n\t\t\t\t\ttitle=\"880 Route nationale 20 45770 SARAN\"\n\t\t\t\t\taria-label=\"880 Route nationale 20 45770 SARAN\"\n\t\t\t><\/iframe>\n\t\t<\/div>\n\t\t\t\t\t\t<\/div>\n\t\t\t\t<\/div>\n\t\t\t\t\t<\/div>\n\t\t<\/div>\n\t\t\t\t\t<\/div>\n\t\t<\/section>\n\t\t\t\t<\/div>\n\t\t","protected":false},"excerpt":{"rendered":"<p>Nous vous r\u00e9pondrons dans les 24h ! Nous Contacter Adresse Home Energy 45880 Route Nationale 2045770 Saran Nous vous r\u00e9pondrons dans les plus brefs d\u00e9lais, ou appelez-nous du mardi au vendredi : de 10H00 &#8211; 12H30 de 14H00 \u00e0 19H00. Le Samedi de 10h00 &#8211; 12H3013h30 &#8211; 17h00. 02 18 69 31 40 Facebook Instagram [&hellip;]<\/p>\n","protected":false},"author":1,"featured_media":0,"parent":0,"menu_order":0,"comment_status":"closed","ping_status":"closed","template":"","meta":{"footnotes":""},"class_list":["post-3866","page","type-page","status-publish","hentry"],"yoast_head":"<!-- This site is optimized with the Yoast SEO plugin v27.4 - https:\/\/yoast.com\/product\/yoast-seo-wordpress\/ -->\n<title>Contact Home Energy 45 - Home Energy Saran<\/title>\n<meta name=\"robots\" content=\"index, follow, max-snippet:-1, max-image-preview:large, max-video-preview:-1\" \/>\n<link rel=\"canonical\" href=\"https:\/\/home-energy45.fr\/index.php\/contact-home-energy-loiret\/\" \/>\n<meta property=\"og:locale\" content=\"fr_FR\" \/>\n<meta property=\"og:type\" content=\"article\" \/>\n<meta property=\"og:title\" content=\"Contact Home Energy 45 - Home Energy Saran\" \/>\n<meta property=\"og:description\" content=\"Nous vous r\u00e9pondrons dans les 24h ! Nous Contacter Adresse Home Energy 45880 Route Nationale 2045770 Saran Nous vous r\u00e9pondrons dans les plus brefs d\u00e9lais, ou appelez-nous du mardi au vendredi : de 10H00 &#8211; 12H30 de 14H00 \u00e0 19H00. Le Samedi de 10h00 &#8211; 12H3013h30 &#8211; 17h00. 02 18 69 31 40 Facebook Instagram [&hellip;]\" \/>\n<meta property=\"og:url\" content=\"https:\/\/home-energy45.fr\/index.php\/contact-home-energy-loiret\/\" \/>\n<meta property=\"og:site_name\" content=\"Home Energy Loiret\" \/>\n<meta property=\"article:modified_time\" content=\"2026-03-30T11:31:47+00:00\" \/>\n<meta name=\"twitter:card\" content=\"summary_large_image\" \/>\n<meta name=\"twitter:label1\" content=\"Dur\u00e9e de lecture estim\u00e9e\" \/>\n\t<meta name=\"twitter:data1\" content=\"2 minutes\" \/>\n<script type=\"application\/ld+json\" class=\"yoast-schema-graph\">{\"@context\":\"https:\\\/\\\/schema.org\",\"@graph\":[{\"@type\":\"WebPage\",\"@id\":\"https:\\\/\\\/home-energy45.fr\\\/index.php\\\/contact-home-energy-loiret\\\/\",\"url\":\"https:\\\/\\\/home-energy45.fr\\\/index.php\\\/contact-home-energy-loiret\\\/\",\"name\":\"Contact Home Energy 45 - Home Energy Saran\",\"isPartOf\":{\"@id\":\"https:\\\/\\\/home-energy45.fr\\\/#website\"},\"datePublished\":\"2020-04-30T09:37:50+00:00\",\"dateModified\":\"2026-03-30T11:31:47+00:00\",\"breadcrumb\":{\"@id\":\"https:\\\/\\\/home-energy45.fr\\\/index.php\\\/contact-home-energy-loiret\\\/#breadcrumb\"},\"inLanguage\":\"fr-FR\",\"potentialAction\":[{\"@type\":\"ReadAction\",\"target\":[\"https:\\\/\\\/home-energy45.fr\\\/index.php\\\/contact-home-energy-loiret\\\/\"]}]},{\"@type\":\"BreadcrumbList\",\"@id\":\"https:\\\/\\\/home-energy45.fr\\\/index.php\\\/contact-home-energy-loiret\\\/#breadcrumb\",\"itemListElement\":[{\"@type\":\"ListItem\",\"position\":1,\"name\":\"Accueil\",\"item\":\"https:\\\/\\\/home-energy45.fr\\\/\"},{\"@type\":\"ListItem\",\"position\":2,\"name\":\"Contact : Home Energy Loiret\"}]},{\"@type\":\"WebSite\",\"@id\":\"https:\\\/\\\/home-energy45.fr\\\/#website\",\"url\":\"https:\\\/\\\/home-energy45.fr\\\/\",\"name\":\"Home Energy Loiret\",\"description\":\"Solutions \u00c9nerg\u00e9tiques pour l&#039;Habitat\",\"potentialAction\":[{\"@type\":\"SearchAction\",\"target\":{\"@type\":\"EntryPoint\",\"urlTemplate\":\"https:\\\/\\\/home-energy45.fr\\\/?s={search_term_string}\"},\"query-input\":{\"@type\":\"PropertyValueSpecification\",\"valueRequired\":true,\"valueName\":\"search_term_string\"}}],\"inLanguage\":\"fr-FR\"}]}<\/script>\n<!-- \/ Yoast SEO plugin. -->","yoast_head_json":{"title":"Contact Home Energy 45 - Home Energy Saran","robots":{"index":"index","follow":"follow","max-snippet":"max-snippet:-1","max-image-preview":"max-image-preview:large","max-video-preview":"max-video-preview:-1"},"canonical":"https:\/\/home-energy45.fr\/index.php\/contact-home-energy-loiret\/","og_locale":"fr_FR","og_type":"article","og_title":"Contact Home Energy 45 - Home Energy Saran","og_description":"Nous vous r\u00e9pondrons dans les 24h ! Nous Contacter Adresse Home Energy 45880 Route Nationale 2045770 Saran Nous vous r\u00e9pondrons dans les plus brefs d\u00e9lais, ou appelez-nous du mardi au vendredi : de 10H00 &#8211; 12H30 de 14H00 \u00e0 19H00. Le Samedi de 10h00 &#8211; 12H3013h30 &#8211; 17h00. 02 18 69 31 40 Facebook Instagram [&hellip;]","og_url":"https:\/\/home-energy45.fr\/index.php\/contact-home-energy-loiret\/","og_site_name":"Home Energy Loiret","article_modified_time":"2026-03-30T11:31:47+00:00","twitter_card":"summary_large_image","twitter_misc":{"Dur\u00e9e de lecture estim\u00e9e":"2 minutes"},"schema":{"@context":"https:\/\/schema.org","@graph":[{"@type":"WebPage","@id":"https:\/\/home-energy45.fr\/index.php\/contact-home-energy-loiret\/","url":"https:\/\/home-energy45.fr\/index.php\/contact-home-energy-loiret\/","name":"Contact Home Energy 45 - Home Energy Saran","isPartOf":{"@id":"https:\/\/home-energy45.fr\/#website"},"datePublished":"2020-04-30T09:37:50+00:00","dateModified":"2026-03-30T11:31:47+00:00","breadcrumb":{"@id":"https:\/\/home-energy45.fr\/index.php\/contact-home-energy-loiret\/#breadcrumb"},"inLanguage":"fr-FR","potentialAction":[{"@type":"ReadAction","target":["https:\/\/home-energy45.fr\/index.php\/contact-home-energy-loiret\/"]}]},{"@type":"BreadcrumbList","@id":"https:\/\/home-energy45.fr\/index.php\/contact-home-energy-loiret\/#breadcrumb","itemListElement":[{"@type":"ListItem","position":1,"name":"Accueil","item":"https:\/\/home-energy45.fr\/"},{"@type":"ListItem","position":2,"name":"Contact : Home Energy Loiret"}]},{"@type":"WebSite","@id":"https:\/\/home-energy45.fr\/#website","url":"https:\/\/home-energy45.fr\/","name":"Home Energy Loiret","description":"Solutions \u00c9nerg\u00e9tiques pour l&#039;Habitat","potentialAction":[{"@type":"SearchAction","target":{"@type":"EntryPoint","urlTemplate":"https:\/\/home-energy45.fr\/?s={search_term_string}"},"query-input":{"@type":"PropertyValueSpecification","valueRequired":true,"valueName":"search_term_string"}}],"inLanguage":"fr-FR"}]}},"_links":{"self":[{"href":"https:\/\/home-energy45.fr\/index.php\/wp-json\/wp\/v2\/pages\/3866","targetHints":{"allow":["GET"]}}],"collection":[{"href":"https:\/\/home-energy45.fr\/index.php\/wp-json\/wp\/v2\/pages"}],"about":[{"href":"https:\/\/home-energy45.fr\/index.php\/wp-json\/wp\/v2\/types\/page"}],"author":[{"embeddable":true,"href":"https:\/\/home-energy45.fr\/index.php\/wp-json\/wp\/v2\/users\/1"}],"replies":[{"embeddable":true,"href":"https:\/\/home-energy45.fr\/index.php\/wp-json\/wp\/v2\/comments?post=3866"}],"version-history":[{"count":45,"href":"https:\/\/home-energy45.fr\/index.php\/wp-json\/wp\/v2\/pages\/3866\/revisions"}],"predecessor-version":[{"id":7496,"href":"https:\/\/home-energy45.fr\/index.php\/wp-json\/wp\/v2\/pages\/3866\/revisions\/7496"}],"wp:attachment":[{"href":"https:\/\/home-energy45.fr\/index.php\/wp-json\/wp\/v2\/media?parent=3866"}],"curies":[{"name":"wp","href":"https:\/\/api.w.org\/{rel}","templated":true}]}}